e
Does 57 divide 45315?
True
Does 207 divide 28566?
True
Does 38 divide 34086?
True
Does 81 divide 1241?
False
Is 186 a factor of 8585?
False
Is 4040 a multiple of 7?
False
Is 9 a factor of 171?
True
Is 21534 a multiple of 37?
True
Does 7 divide 846?
False
Does 42 divide 30912?
True
Does 35 divide 367?
False
Is 24 a factor of 1885?
False
Is 6512 a multiple of 7?
False
Does 82 divide 984?
True
Is 4 a factor of 396?
True
Does 8 divide 23928?
True
Is 89 a factor of 14383?
False
Is 77 a factor of 7709?
False
Does 13 divide 719?
False
Does 13 divide 349?
False
Is 7 a factor of 2793?
True
Is 9 a factor of 15877?
False
Does 9 divide 2601?
True
Does 4 divide 35?
False
Is 150 a factor of 11100?
True
Is 2607 a multiple of 11?
True
Is 318 a multiple of 3?
True
Is 38 a factor of 16191?
False
Is 27 a multiple of 9?
True
Is 14 a factor of 714?
True
Is 1274 a multiple of 13?
True
Does 36 divide 7309?
False
Is 20 a factor of 1140?
True
Is 3120 a multiple of 26?
True
Is 24 a multiple of 2?
True
Is 28 a factor of 35290?
False
Does 14 divide 4410?
True
Does 9 divide 14004?
True
Does 5 divide 489?
False
Is 9 a factor of 5438?
False
Does 184 divide 1656?
True
Is 370 a factor of 126170?
True
Does 4 divide 1796?
True
Is 9611 a multiple of 115?
False
Is 7 a factor of 5427?
False
Is 33 a factor of 1582?
False
Is 7 a factor of 28406?
True
Does 28 divide 7756?
True
Is 10 a factor of 6053?
False
Does 58 divide 2552?
True
Is 207 a multiple of 23?
True
Is 22233 a multiple of 156?
False
Does 41 divide 27347?
True
Is 41 a factor of 97517?
False
Is 1525 a multiple of 61?
True
Does 48 divide 96047?
False
Is 42 a factor of 2770?
False
Does 16 divide 304?
True
Does 19 divide 1539?
True
Is 13 a factor of 22581?
True
Is 31 a factor of 29502?
False
Is 147649 a multiple of 27?
False
Is 3798 a multiple of 94?
False
Does 119 divide 357?
True
Does 3 divide 4293?
True
Is 2 a factor of 4814?
True
Is 45 a factor of 135?
True
Does 216 divide 31542?
False
Is 142 a factor of 4402?
True
Does 25 divide 9675?
True
Does 10 divide 2880?
True
Is 74 a factor of 583?
False
Is 13 a factor of 939?
False
Does 127 divide 3683?
True
Is 2 a factor of 1388?
True
Does 8 divide 1744?
True
Does 46 divide 1449?
False
Is 8 a factor of 373?
False
Is 10 a factor of 30?
True
Is 27 a factor of 1512?
True
Does 12 divide 13398?
False
Is 10 a factor of 660?
True
Is 30952 a multiple of 73?
True
Is 62 a factor of 9176?
True
Does 90 divide 55980?
True
Does 112 divide 5311?
False
Is 12 a factor of 320?
False
Is 8988 a multiple of 13?
False
Does 197 divide 18869?
False
Does 16 divide 2696?
False
Is 63 a factor of 150885?
True
Does 43 divide 2709?
True
Does 8 divide 892?
False
Is 734 a multiple of 42?
False
Is 270 a multiple of 3?
True
Is 26 a factor of 7232?
False
Does 11 divide 8368?
False
Does 5 divide 229?
False
Is 721 a multiple of 7?
True
Does 14 divide 8584?
False
Is 721 a multiple of 12?
False
Does 5 divide 509?
False
Is 21 a factor of 294?
True
Is 40 a factor of 1840?
True
Does 3 divide 721?
False
Is 5061 a multiple of 33?
False
Does 21 divide 2227?
False
Does 55 divide 8360?
True
Is 51 a factor of 102?
True
Is 38 a factor of 1786?
True
Is 36 a factor of 693?
False
Is 425 a multiple of 85?
True
Is 8 a factor of 523?
False
Is 25 a factor of 646?
False
Is 17298 a multiple of 31?
True
Is 9 a factor of 26262?
True
Is 40931 a multiple of 61?
True
Does 5 divide 35?
True
Does 17 divide 34?
True
Is 25142 a multiple of 26?
True
Does 124 divide 17665?
False
Is 15 a factor of 225?
True
Is 57 a factor of 21876?
False
Is 1344 a multiple of 56?
True
Does 13 divide 155?
False
Does 19 divide 136?
False
Does 6 divide 987?
False
Is 90 a factor of 31356?
False
Does 4 divide 20437?
False
Is 49 a factor of 2476?
False
Is 140 a factor of 6440?
True
Is 13 a factor of 338?
True
Is 21 a factor of 5397?
True
Is 11 a factor of 3586?
True
Is 4257 a multiple of 33?
True
Does 2 divide 12?
True
Does 11 divide 71588?
True
Does 2 divide 17593?
False
Does 4 divide 375?
False
Is 620 a multiple of 10?
True
Is 4240 a multiple of 80?
True
Does 20 divide 34757?
False
Is 21 a factor of 9306?
False
Does 19 divide 931?
True
Does 2 divide 399?
False
Is 4186 a multiple of 23?
True
Does 21 divide 129604?
False
Does 16 divide 1884?
False
Does 25 divide 2100?
True
Does 52 divide 4004?
True
Is 20 a factor of 720?
True
Does 51 divide 630?
False
Does 49 divide 323?
False
Does 8 divide 77?
False
Is 11 a factor of 187?
True
Is 3474 a multiple of 18?
True
Does 24 divide 26568?
True
Is 17286 a multiple of 86?
True
Is 123 a factor of 31119?
True
Does 6 divide 186?
True
Is 11 a factor of 1853?
False
Does 13 divide 476?
False
Is 24 a factor of 600?
True
Is 19 a factor of 361?
True
Is 913 a multiple of 18?
False
Is 54 a factor of 4374?
True
Does 4 divide 18188?
True
Is 19 a multiple of 2?
False
Is 23 a factor of 1357?
True
Does 30 divide 2730?
True
Does 227 divide 29778?
False
Is 32 a factor of 928?
True
Is 6109 a multiple of 111?
False
Does 32 divide 320?
True
Does 20 divide 1760?
True
Is 4 a factor of 885?
False
Is 27 a factor of 3431?
False
Is 11277 a multiple of 21?
True
Does 7 divide 5117?
True
Is 23 a factor of 720?
False
Is 42 a factor of 11603?
False
Is 43050 a multiple of 25?
True
Is 17 a factor of 21369?
True
Is 9450 a multiple of 15?
True
Is 597 a multiple of 8?
False
Is 1651 a multiple of 17?
False
Is 24886 a multiple of 46?
True
Does 45 divide 1665?
True
Does 81 divide 25920?
True
Is 7 a factor of 469?
True
Is 6710 a multiple of 24?
False
Is 11 a factor of 533?
False
Does 74 divide 2294?
True
Is 50 a factor of 1950?
True
Is 167 a factor of 9498?
False
Is 14224 a multiple of 8?
True
Is 407 a multiple of 13?
False
Is 25514 a multiple of 14?
False
Is 25668 a multiple of 36?
True
Does 7 divide 2910?
False
Is 2 a factor of 230?
True
Is 32 a factor of 1312?
True
Does 31 divide 651?
True
Does 320 divide 58240?
True
Is 74 a factor of 24642?
True
Is 529 a multiple of 21?
False
Does 201 divide 7021?
False
Does 50 divide 397?
False
Is 78 a factor of 642?
False
Is 4526 even?
True
Is 7634 a multiple of 22?
True
Does 5 divide 542?
False
Does 18 divide 1476?
True
Is 11 a factor of 1021?
False
Is 18 a factor of 36?
True
Is 166 a factor of 9259?
False
Is 1130 a multiple of 72?
False
Is 77 a factor of 12628?
True
Is 338 a factor of 63852?
False
Does 5 divide 724?
False
Does 275 divide 8525?
True
Does 6 divide 36?
True
Is 468 a multiple of 30?
False
Does 44 divide 738?
False
Does 8 divide 640?
True
Is 2500 a multiple of 25?
True
Is 1437 a multiple of 2?
False
Does 25 divide 16475?
True
Does 14 divide 6502?
False
Does 82 divide 10962?
False
Is 431 a multiple of 5?
False
Is 67 a factor of 11275?
False
Does 8 divide 9632?
True
Is 85270 a multiple of 13?
False
Is 17199 a multiple of 49?
True
Is 60 a factor of 2999?
False
Is 62 a factor of 1736?
True
Is 1385 a multiple of 34?
False
Is 15024 a multiple of 24?
True
Is 5 a factor of 1421?
False
Is 2 a factor of 571?
False
Is 12 a factor of 2491?
False
Does 31 divide 155?
True
Is 25 a factor of 71124?
False
Is 6013 a multiple of 165?
False
Is 111 a factor of 1354?
False
Is 120 a factor of 16557?
False
Does 30 divide 575?
False
Is 578 a multiple of 2?
True
Is 65 a factor of 390?
True
Does 164 divide 94300?
True
Is 23 a factor of 574?
False
Is 7128 a multiple of 216?
True
Does 19 divide 204?
False
Does 34 divide 680?
True
Does 44 divide 10608?
False
Is 259 a multiple of 60?
False
Does 37 divide 8207?
False
Is 14164 a multiple of 14?
False
Does 13 divide 3198?
True
Is 357 a factor of 26775?
True
Does 3 divide 8438?
False
Does 5 divide 937?
False
Is 15 a factor of 75?
True
Does 4 divide 527?
False
Does 5 divide 540?
True
Is 2990 a multiple of 65?
True
Is 938 a multiple of 47?
False
Does 28 divide 381?
False
Is 36 a factor of 1659?
False
Does 16 divide 1072?
True
Is 16213 a multiple of 13?
False
Is 29 a factor of 79141?
True
Does 55 divide 1265?
True
Is 1880 a multiple of 20?
True
Is 222 a multiple of 6?
True
Does 55 divide 170?
False
Does 86 divide 3956?
True
Does 13 divide 17090?
False
Does 15 divide 32445?
True
Does 5 divide 287?
False
Is 16 a factor of 1232?
True
Is 8 a factor of 878?
False
Does 18 divide 1249?
False
Is 1828 a multiple of 4?
True
Does 5 divide 275?
True
Is 1520 a multiple of 10?
True
Does 17 divide 239?
False
Is 164